ed by -2 + 3 + 0/a.
0
Suppose 942*a - 948*a + 12 = 0. Suppose -2*t + f = -73, -t + 33 = -6*f + a*f. What is the remainder when t is divided by 14?
9
Let o(a) be the second derivative of -a**5/20 - 7*a**4/4 - a**3/3 - 15*a**2 - 11*a. Suppose -13 = -3*d + 53. What is the remainder when d is divided by o(-21)?
10
Let o(h) = 2*h**2 - 71*h + 643. Suppose 3*y = -l + 2*l - 33, -2*l = y - 59. Calculate the remainder when l is divided by o(19).
14
Suppose -254*i = -250*i - 152. Let q = 21 + i. Calculate the remainder when 123 is divided by q.
5
Let o(i) be the second derivative of -7*i**3/6 + 115*i**2 + 137*i. Calculate the remainder when o(16) is divided by 26.
14
Let w = 85 - 63. What is the remainder when 530 - (18 + -8)/2 is divided by w?
19
Let m = 1922 - 1071. Calculate the remainder when m is divided by 9.
5
Let w = 85 - 20. Let z(c) = -c**3 + 11. Let h be z(0). Suppose g - h = 11. Calculate the remainder when w is divided by g.
21
Let p = -862 - -594. Calculate the remainder when 15/(105/(-14))*p is divided by 49.
46
Suppose -2*x - 127 = -11*x + 287. Suppose 95 - 23 = j. What is the remainder when j is divided by x?
26
Let p = 48 - 27. What is the remainder when (-14099)/(-230) + 27/(-90) is divided by p?
19
Suppose 4*u - 26 = -3*q, 22 = 5*q + 2*u - 6*u. Suppose q*m - 77 = -35. Calculate the remainder when 13 is divided by m.
6
Suppose 2240 = -19*d - 21*d. Let c be 4*7*(-2)/4. Calculate the remainder when (-4)/c + (-1216)/d is divided by 3.
1
Suppose 0*v = -2*v. Let x(k) = -22*k + 110. Let u be x(5). Suppose u*d - 6*d + 474 = v. What is the remainder when d is divided by 10?
9
Let v = -7438 - -7724. Calculate the remainder when v is divided by 45.
16
Let i = 900 + -639. Suppose -22*g + 21*g - 87 = -p, -3*g + i = 3*p. What is the remainder when p is divided by 13?
9
Suppose u = -4, -450 = -5*f + u + 294. Suppose -1457*o + 1472*o = 225. Calculate the remainder when f is divided by o.
13
Let l be -34 + (3*-1 - -2). Let m = -17 - l. Suppose 4*u - 3*t = 133, 2*u - 5*t = -134 + 197. Calculate the remainder when u is divided by m.
16
Suppose 3*d = d + 14. Suppose 46 = d*p - 227. Suppose 2*g - 41 - p = 0. What is the remainder when g is divided by 6?
4
Suppose -w + 4*w + 5*c = 374, 5*w - 3*c = 612. Calculate the remainder when 606 is divided by w.
114
Let b = 47 - 63. Let m(g) = -g**3 - 17*g**2 - 17*g - 14. Let d be m(b). Calculate the remainder when 20 is divided by -2*6*(-3 + d).
8
Suppose -5*c - 22 = 2*x + 288, 0 = -4*x + 2*c - 668. Let j = -136 - x. Calculate the remainder when 144 is divided by j.
28
Suppose 86*g - 4217 = 3007. Calculate the remainder when g is divided by 5.
4
Let t(h) = h**2 - 4*h - 15. Let g = -107 + 477. What is the remainder when g is divided by t(11)?
60
Let r(a) = a**3 + 8*a**2 + a + 10. Let c be r(-8). Let d(s) = 3 + 4 - c*s - 2 - 3. What is the remainder when d(-6) is divided by 5?
4
Suppose -5412 = 154*r - 24200. Suppose 2*h + 71 = 3*a, -5*a + 3*a + 42 = -4*h. What is the remainder when r is divided by a?
22
Let o(p) = 2*p**2 + 33*p + 3. Let m be o(-15). Let k = 32 + m. Calculate the remainder when (-18)/k*(-70)/(-21) is divided by 4.
2
What is the remainder when (48269/(-553))/(6/(-42)) is divided by 159?
134
Suppose m + 9 = 55. Suppose -6*h = -5*h - m. What is the remainder when h is divided by 24?
22
Let i(g) = 2*g**2 + 0*g + 3*g - 91*g**3 - 12*g**2 + 92*g**3 - 8. Let z = -7 + 17. What is the remainder when 151 is divided by i(z)?
19
Suppose m + 518 = -n, -1875 = 4*m + n + 194. Let h = m + 622. Calculate the remainder when 1152 is divided by h.
102
Suppose -7 + 12 = q. Suppose 5*t + 40 = s + 8*t, 20 = q*t. Calculate the remainder when 194 is divided by s.
26
Let o = 678 - 383. Suppose 8380 - o = 49*i. What is the remainder when i is divided by 8?
5
Let j be (-68)/170 + (-687)/(-5). Suppose 5*b - 2*z - 82 = 0, 4*b + 4*z = -49 + j. Calculate the remainder when 467 is divided by b.
17
Suppose 28 = a - 3*i, -84 = 5*a - 9*a + 5*i. Calculate the remainder when 359 is divided by a.
7
Let u be (4 - -3) + 9/(-3). Suppose 4*c - u*y + 12 = 0, 8 = -3*c - 3*y - 1. What is the remainder when 89 is divided by (-147)/(-5) + c/(-5)?
29
Let l(t) = 10*t**2 + 70*t + 471. What is the remainder when l(-6) is divided by 24?
3
Let u(v) = 245*v - 6341. Calculate the remainder when u(35) is divided by 13.
11
Let z be (-2)/(-1) - (-28)/(-14). Let v be (-1 + 1)/((-1 + z)*-1). Calculate the remainder when 87 is divided by -9*15/6*(v - 2).
42
Let u(s) = -876*s - 22765. Let m = -2 + 5. What is the remainder when u(-26) is divided by m?
2
Let z(t) = t**3 + 3*t**2 + 19. Let i(f) = f**3 - f**2 - f + 1. Let o(h) = 3*i(h) - z(h). Calculate the remainder when o(6) is divided by 17.
12
Let z = 5851 - 5828. Calculate the remainder when 67 is divided by z.
21
Let p = 151 - 147. Suppose 4*q - 51 = -2*h - q, 3*h - p*q = 42. Calculate the remainder when 58 is divided by h.
4
Let z(h) = -19*h - 4. Let n = -53 + 51. Let w be z(n). Calculate the remainder when 43 is divided by 378/w - (-12)/(-102).
10
Let q(p) be the second derivative of -p**4/12 - 3*p**3/2 - 3*p**2 - 15*p. Let u be q(-6). Calculate the remainder when 52 is divided by u + (-4)/((-12)/9).
7
Suppose -11*c = -9842 - 6691. Suppose 17*o + c = 26*o. What is the remainder when o is divided by 21?
20
Calculate the remainder when 43 is divided by -368*(-25)/270 - (-116)/(-1566).
9
Let o(z) = -z**2 - 86*z - 998. What is the remainder when 483 is divided by o(-72)?
3
What is the remainder when (4736/8 + -6 + -2)*14/8 is divided by 129?
119
Suppose 0*x + 56 = 7*x. Let i = 11 + -17. Let b = 26 + i. What is the remainder when b is divided by x?
4
Calculate the remainder when 1960 is divided by (-132)/(-33) + 117*2/3.
74
Let o(f) = f**3 + 4*f**2 - 9*f - 301. Calculate the remainder when o(19) is divided by 11.
10
Let v(w) = -w**3 + 9*w**2 - 4*w - 1. Suppose 248 = 12*t - 268. Calculate the remainder when v(5) is divided by t.
36
Calculate the remainder when 776 is divided by (-230)/(-18) + (-50)/(-225).
9
Let d(k) = -2*k**2 + 20*k - 2. Let t be d(10). Let n = t + 6. Let j = 41 - 39. Calculate the remainder when n is divided by j.
0
Let d(j) = 2*j**2 + 8*j + 3. Let m be d(-4). Suppose 0 = k + m*k - 928. Suppose 11 = -13*r + k. What is the remainder when 47 is divided by r?
13
Suppose 3*h = 4*n - 528 - 381, -h = -5*n + 1128. Let b = -214 + n. Calculate the remainder when 24 is divided by b.
2
Let f(i) = 5*i - 132. Suppose 16*w + 10*w - 780 = 0. Calculate the remainder when 103 is divided by f(w).
13
Suppose 1387*w = 1384*w + 69. What is the remainder when 1538 is divided by w?
20
Let r = -786 + 798. What is the remainder when 16/r*774/12 is divided by 22?
20
What is the remainder when (-163828)/(-21)*1/((-16)/(-24)) - 0 is divided by 308?
306
Let c(a) = -2*a**2 + 16*a + 23. Let g be ((-21)/(-3) + -2)*2. Let p be c(g). Let v = -11 - p. What is the remainder when 16 is divided by v?
4
Calculate the remainder when 2716 is divided by (-1)/((-6)/(-3))*(-7)/(14/572).
142
Let b = -5073 + 5092. What is the remainder when 65 is divided by b?
8
Let j(d) = d. Let h be j(2). Calculate the remainder when (-29 + 351)/23 + 1 + 12 is divided by (-2)/(-3 + h) - -12.
13
Let h(z) = -5*z**2 - 63*z - 109. Suppose -205 = -5*a - 0*a. Calculate the remainder when a is divided by h(-10).
20
Suppose 5*w - 4*d - 524 = 0, 48*w - 46*w + 3*d = 182. Calculate the remainder when 348 is divided by w.
48
Let o(c) = -c**3 + 46*c**2 - 127*c - 45. What is the remainder when 78 is divided by o(43)?
37
Suppose -3*o + 5*y = -62, -3*o - 4*y + 5*y + 82 = 0. Calculate the remainder when o is divided by 4*-1 + (62 - 48).
9
Suppose -r + 212 = 5*c, r - 3*c - 151 = 45. Let h = -188 + r. What is the remainder when 54 is divided by h?
12
Calculate the remainder when (2/(-11) + (-90220)/858)*(-18 - -15) is divided by 82.
70
Let b(q) = -q**2 - 16*q - 7. Let v be 1*(0 + -14)*1. Let p(s) = s**2 - 17*s - 122. What is the remainder when p(25) is divided by b(v)?
15
Let y(g) be the second derivative of -7*g**3/3 - 159*g**2/2 - 6*g. What is the remainder when 91 is divided by y(-13)?
22
Let v = -5 + 38. Let k(u) = -u**2 + 9*u + 7. Suppose -x - 3*y = -3*x + 12, -x - y = 4. Calculate the remainder when v is divided by k(x).
5
Suppose 13*n = -9*n + 22. Calculate the re